*2 + 7*b + 1. What is a(3)?
31
Let g(k) = -k**2 + 14*k - 10. Calculate g(13).
3
Let m(h) = h**2 - 9*h + 20. Give m(6).
2
Let r(p) = -5*p - 34. Calculate r(-9).
11
Let q(c) = c - 1. What is q(5)?
4
Let f(u) = -2*u**2 + 6*u - 3. Give f(4).
-11
Let w(c) = 2*c + 10. Give w(-8).
-6
Let x(a) = -4*a**2 - 47*a - 3. Determine x(-12).
-15
Let c(y) = -y**2 - y - 5. Determine c(0).
-5
Let h(z) = 2*z**2 - 32*z - 32. Give h(18).
40
Let f(b) = -b**3 + 3*b**2 - 2*b + 7. What is f(5)?
-53
Let z(x) = -9*x + 63. Determine z(7).
0
Let r(u) = -u**3 + 15*u**2 - 16*u + 29. What is r(14)?
1
Let a(o) = -o**2 - 19*o + 38. Calculate a(-20).
18
Let y(k) = -3*k + 13. Calculate y(11).
-20
Let j(k) = -67*k + 1548. Determine j(23).
7
Let b(t) = t + 7. Determine b(-14).
-7
Let p(s) = s**3 + 7*s**2 + 5*s + 17. Determine p(-6).
23
Let i(p) = 48*p**3 - 4*p**2 + 5*p - 2. Give i(1).
47
Let f(n) = 7*n + 177. Give f(-25).
2
Let f(c) = -2*c**2 - 18*c - 22. Give f(-9).
-22
Let w(x) = 3*x + 25. Determine w(-5).
10
Let h(w) = -w**3 - 8*w**2 - w + 7. What is h(-8)?
15
Let a(y) = y**2 + 18*y + 52. Determine a(-15).
7
Let n(j) = 5*j - 193. What is n(35)?
-18
Let r(y) = y**2 + 5*y - 7. Give r(-6).
-1
Let i(m) = -m**2 + 2*m - 2. What is i(3)?
-5
Let v(a) = a**3 + 8*a**2 + 6*a - 3. What is v(-7)?
4
Let u(l) = -l**3 + 5*l**2 + 13*l. What is u(7)?
-7
Let r(h) = -9*h - 8. Determine r(-2).
10
Let w(a) = a**2 + 12*a + 34. What is w(-9)?
7
Let p(f) = f - 1. What is p(4)?
3
Let b(s) = 4*s + 2. Determine b(-1).
-2
Let i(a) = -2*a**3 - 10*a**2 - a + 2. Determine i(-5).
7
Let l(o) = -o**2 + 3*o + 7. Determine l(4).
3
Let k(s) = s**2 + s - 52. Determine k(0).
-52
Let v(w) = -w**2 + 9*w + 4. Give v(9).
4
Let g(b) = 5*b - 5. Determine g(6).
25
Let b(l) = -9*l**3 + 2*l + 2. What is b(-1)?
9
Let h(m) = -11*m**3 + 4*m**2 - 4*m + 1. Give h(1).
-10
Let t(y) = -8*y - 17. Calculate t(-9).
55
Let v(r) = -r**3 + 7*r**2 + r + 1. Determine v(6).
43
Let k(o) = o**2 - 4*o - 3. Determine k(5).
2
Let v(h) = -h**2 - 10*h - 16. Give v(-8).
0
Let i(v) = v**3 + 5*v**2 + 5. Determine i(-5).
5
Let t(p) = -6*p + 134. Calculate t(26).
-22
Let l(w) = 8*w**2 - 61*w - 23. Give l(8).
1
Let r(l) = -l - 3. What is r(5)?
-8
Let m(r) = 24*r. Calculate m(1).
24
Let v(j) = 3*j + 23. Determine v(-8).
-1
Let k(h) = -3*h**3 - 9*h**2 - 5*h - 1. Calculate k(-3).
14
Let v(r) = -2*r**3 + 18*r**2 - 15*r - 17. Calculate v(8).
-9
Let d(q) = 85*q - 425. Give d(5).
0
Let x(w) = w**2 - 9*w - 9. Calculate x(11).
13
Let n(x) = -24*x - 46. Give n(-1).
-22
Let m(h) = -h**3 - 5*h**2 - 9*h - 13. Calculate m(-4).
7
Let h(d) = -5*d**2 + 73*d + 48. Give h(15).
18
Let p(g) = 27*g + 4. Calculate p(-2).
-50
Let o(f) = -f + 7. Determine o(6).
1
Let b(c) = c**3 + 21*c**2 + 19*c - 37. Calculate b(-20).
-17
Let a(p) = -4*p**2 - 4*p - 16. Determine a(-4).
-64
Let f(q) = -q**2 - 5*q - 9. Calculate f(-5).
-9
Let x(w) = -w**3 + 2*w**2 - 5*w + 2. What is x(2)?
-8
Let h(m) = -4*m - 12. Give h(-3).
0
Let h(u) = -u**3 - u**2 + u + 2. Calculate h(2).
-8
Let a(v) = v**3 + 20*v**2 + 15*v - 5. Give a(-19).
71
Let u(z) = -2*z**2 - 10*z - 6. What is u(-8)?
-54
Let v(r) = -r**3 - 3*r**2 + 9*r + 15. Calculate v(-7).
148
Let n(g) = -2*g**2 - 29*g - 3. Calculate n(-14).
11
Let k(h) = h**3 - 15*h**2 - 17*h + 24. What is k(16)?
8
Let x(j) = j**3 - 16*j**2 + 61*j + 14. What is x(10)?
24
Let r(f) = -6*f**2 - 90*f - 19. Determine r(-15).
-19
Let y(z) = -4*z**3 - 10*z**2 - 2*z + 2. Determine y(-4).
106
Let w(l) = l - 10. Calculate w(10).
0
Let p(c) = -4*c**3 - c**2 - 2*c - 1. Determine p(-1).
4
Let s(u) = u**3 - 14*u**2 + 14*u - 19. Give s(13).
-6
Let w(y) = y**3 + 4*y**2 + 4*y - 12. Calculate w(-5).
-57
Let w(n) = 7*n**2 - 8*n + 16. Determine w(2).
28
Let y(d) = 2*d - 41. Determine y(23).
5
Let t(n) = n**2 - 37*n - 219. Determine t(42).
-9
Let r(t) = -t**2 - 6*t + 8. Calculate r(-6).
8
Let m(g) = 3*g**2 + 5*g - 2. What is m(3)?
40
Let w(f) = -f**2 + 11*f - 34. What is w(11)?
-34
Let v(d) = -2*d - 3. Calculate v(4).
-11
Let s(o) = -11*o - 2. What is s(-3)?
31
Let j(u) = -7*u**2 - 7*u - 12. What is j(-3)?
-54
Let q(c) = -15*c**2 + 3*c + 2. What is q(-1)?
-16
Let k(n) = -5*n**2 + n + 2. Give k(3).
-40
Let d(l) = -l**3 + l**2 - l. Calculate d(2).
-6
Let y(o) = -8*o - 9. Determine y(-4).
23
Let r(m) = -3*m + 19. Determine r(9).
-8
Let u(g) = g**3 + g**2 - g - 1. Calculate u(-1).
0
Let r(a) = -2*a**2 + 43*a + 21. Give r(22).
-1
Let o(j) = -11*j. Calculate o(-1).
11
Let z(u) = -u**2 + 9*u + 1. Give z(10).
-9
Let x(y) = y**3 + 24*y**2 + 21*y - 35. Give x(-23).
11
Let o(g) = 6*g - 35. Determine o(4).
-11
Let c(a) = -4*a - 33. What is c(-8)?
-1
Let z(b) = 2*b**2 - 53*b + 147. Calculate z(3).
6
Let n(q) = -5*q**2 + 77*q + 79. Determine n(-1).
-3
Let r(j) = -3*j**3 - j**2 - 4*j + 5. Calculate r(1).
-3
Let y(b) = -b**2 - 19*b - 60. Give y(-4).
0
Let t(j) = -j**2 + 9*j - 7. Give t(4).
13
Let a(i) = 4*i + 14. Give a(2).
22
Let i(r) = 4*r + 5. Determine i(-7).
-23
Let n(m) = m + 8. Give n(-17).
-9
Let c(h) = h**3 + 7*h**2 - 3*h - 13. What is c(-6)?
41
Let d(a) = -a**2 - 13*a + 115. What is d(6)?
1
Let q(a) = a**3 - 4. Calculate q(-2).
-12
Let g(s) = -s**3 + 18*s**2 - 18*s + 6. What is g(17)?
-11
Let g(v) = v**3 + 6*v**2 + 6*v - 1. Give g(-5).
-6
Let d(r) = -2*r + 1. What is d(2)?
-3
Let k(r) = 4*r**2 + 37*r + 12. Give k(-9).
3
Let t(l) = 3*l - 6. Calculate t(6).
12
Let b(t) = 19*t - 158. Determine b(8).
-6
Let w(o) = -o**3 - 18*o**2 + 37*o + 24. Calculate w(-20).
84
Let x(r) = -r**3 + 4*r**2 + 3*r + 11. Give x(6).
-43
Let s(z) = -z**3 + 8*z**2 - 16*z + 57. What is s(7)?
-6
Let d(t) = -t + 21. Determine d(-8).
29
Let c(s) = 2*s + 19. Give c(-11).
-3
Let k(v) = v**3 + 15*v**2 - 23*v - 39. Determine k(-16).
73
Let j(o) = -2*o**2 + 7*o + 7. Give j(6).
-23
Let z(t) = -t**3 + 5*t**2 - t + 10. What is z(5)?
5
Let j(o) = 16*o - 6. Determine j(0).
-6
Let v(k) = k**3 - 5*k**2 - 9*k + 5. What is v(6)?
-13
Let g(c) = -c**2 - 12*c + 194. Determine g(-21).
5
Let i(f) = 6*f + 55. What is i(-14)?
-29
Let r(i) = -i**3 - i - 2. What is r(3)?
-32
Let s(d) = -39*d**3 + d**2 + d - 1. What is s(1)?
-38
Let j(g) = -6*g**3 - 61*g**2 - 12*g + 25. Give j(-10).
45
Let m(c) = 5*c - 25. What is m(-12)?
-85
Let s(g) = -2*g - 17. Give s(-7).
-3
Let b(w) = -2*w - 42. What is b(-14)?
-14
Let i(y) = 2*y**2 + 14*y - 23. Determine i(-8).
-7
Let o(k) = 3*k**3 + 9*k**2 - 11*k - 4. What is o(-5)?
-99
Let r(i) = i**2 + 12*i - 16. Determine r(-13).
-3
Let j(d) = -2*d + 40. Give j(22).
-4
Let q(c) = 6*c**3 - 2*c**2 + 2*c - 1. Calculate q(1).
5
Let c(l) = -35*l - 4. Determine c(0).
-4
Let h(w) = -w**2 + 5*w - 7. Determine h(8).
-31
Let r(t) = -t**3 + 7*t**2 + 6*t - 10. Determine r(7).
32
Let l(q) = -q**2 - 15*q - 24. Determine l(-12).
12
Let l(g) = -37*g + 409. What is l(11)?
2
Let h(w) = w**3 + 2*w**2 - 8*w + 5. What is h(4)?
69
Let w(r) = -2*r**2 - 3*r - 8. What is w(0)?
-8
Let f(l) = -l**3 + l**2 + l - 4. Calculate f(-3).
29
Let n(c) = c**2 + 9*c - 14. What is n(-8)?
-22
Let a(r) = r**2 - r - 93. Give a(10).
-3
Let k(p) = -53*p + 3. What is k(-1)?
56
Let z(i) = 2*i**2 + 13*i - 1. Determine z(-7).
6
Let h(n) = -2*n + 49. Determine h(9).
31
Let a(t) = t**3 - t**2 + 3*t - 7. What is a(-4)?
-99
Let z(j) = 4*j + 23. Calculate z(-8).
-9
Let d(x) = 3*x + 5. Calculate d(5).
20
Let s(r) = -r**3 - 14*r**2 - 23*r + 6. What is s(-11)?
-104
Let l(q) = 160*q - 9. What is l(-1)?
-169
Let z(o) = 6*o**2 - 5*o - 6. Calculate z(5).
119
Let b(i) = 3*i**2 - 3*i + 7. Give b(4).
43
Let f(y) = y**3 - 2*y. Give f(-2).
-4
Let k(n) = 3*n**3 + 20*n**2 - 15*n - 57. What is k(-7)?
-1
Let v(o) = -o**2 - 15*o - 15. Give v(-14).
-1
Let j(y) = 13*y. Calculate j(-2).
-26
Let l(p) = -2*p + 37. Calculate l(3).
31
Let z(k) = 4*k**2 + 21*k - 3. What is z(-4)?
-23
Let y(w) = -w**3 - 6*w**2 + 3*w + 6. Give y(-5).
-34
Let g(o) = -o**2 + 3*o + 5. Calculate g(-3).
-13
Let x(v) = v**3 + 4*v**2 - 6*v - 3. What is x(-5)?
2
Let n(o) = 5*o**2 + 3*o - 9. What is n(-4)?
59
Let p(y) = -y**2 + 13*y - 32. Calculate p(10).
-2
Let l(h) = -h**3 - 7*h**2 - h + 1. Determine l(-7).
8
Let k(n) = -49*n**2 + 2*n - 1. Determine k(-2).
-201
Let c(x) = x**3 - 8*x**2 + 3*x + 21. What is c(6)?
-33
Let z(t) = -17*t + 17. What is z(2)?
-17
Let t(d) = d**3 + 9*d**2 - 20*d + 27. What is t(-11)?
5
Let b(u) = -